{"id":7,"date":"2020-03-13T12:18:25","date_gmt":"2020-03-13T12:18:25","guid":{"rendered":"https:\/\/newsletter.elco.com.pl\/index.php\/subskrypcja-newslettera\/"},"modified":"2025-10-03T13:00:19","modified_gmt":"2025-10-03T13:00:19","slug":"subskrypcja-newslettera","status":"publish","type":"page","link":"https:\/\/newsletter.elco.com.pl\/","title":{"rendered":"Newsletter"},"content":{"rendered":"<div class=\"fusion-fullwidth fullwidth-box fusion-builder-row-1 nonhundred-percent-fullwidth non-hundred-percent-height-scrolling\"  style='background-color: rgba(255,255,255,0);background-position: center center;background-repeat: no-repeat;padding-top:0px;padding-right:0px;padding-bottom:0px;padding-left:0px;'><div class=\"fusion-builder-row fusion-row \"><div  class=\"fusion-layout-column fusion_builder_column fusion_builder_column_1_1 fusion-builder-column-0 fusion-one-full fusion-column-first fusion-column-last 1_1\"  style='margin-top:0px;margin-bottom:0px;'><div class=\"fusion-column-wrapper\" style=\"padding: 0px 0px 0px 0px;background-position:left top;background-repeat:no-repeat;-webkit-background-size:cover;-moz-background-size:cover;-o-background-size:cover;background-size:cover;\"   data-bg-url=\"\"><div class=\"fusion-text\"><p><strong><style id=\"wpforms-css-vars-74\">\n\t\t\t\t#wpforms-74 {\n\t\t\t\t--wpforms-field-border-radius: 0px;\n--wpforms-field-border-color: #cccccc;\n--wpforms-field-border-color-spare: #cccccc;\n--wpforms-field-text-color: #444444;\n--wpforms-label-color: #262626;\n--wpforms-label-sublabel-color: #7f7f7f;\n--wpforms-label-error-color: #ff0000;\n--wpforms-button-border-style: solid;\n--wpforms-button-border-radius: 0px;\n--wpforms-button-background-color: #d61515;\n--wpforms-button-border-color: #cccccc;\n--wpforms-container-padding: 0px;\n--wpforms-container-border-width: 1px;\n--wpforms-container-border-radius: 3px;\n--wpforms-background-color: rgba(0, 0, 0, 0);\n--wpforms-page-break-color: #dddddd;\n--wpforms-field-size-input-height: 43px;\n--wpforms-field-size-input-spacing: 15px;\n--wpforms-field-size-font-size: 16px;\n--wpforms-field-size-line-height: 19px;\n--wpforms-field-size-padding-h: 14px;\n--wpforms-field-size-checkbox-size: 16px;\n--wpforms-field-size-sublabel-spacing: 5px;\n--wpforms-field-size-icon-size: 1;\n--wpforms-label-size-font-size: 14px;\n--wpforms-label-size-line-height: 17px;\n--wpforms-label-size-sublabel-font-size: 13px;\n--wpforms-label-size-sublabel-line-height: 16px;\n--wpforms-button-size-font-size: 20px;\n--wpforms-button-size-height: 48px;\n--wpforms-button-size-padding-h: 20px;\n--wpforms-button-size-margin-top: 15px;\n--wpforms-container-shadow-size-box-shadow: none;\n\t\t\t}\n\t\t\t<\/style><div class=\"wpforms-container wpforms-container-full wpforms-render-modern\" id=\"wpforms-74\"><form id=\"wpforms-form-74\" class=\"wpforms-validate wpforms-form wpforms-ajax-form\" data-formid=\"74\" method=\"post\" enctype=\"multipart\/form-data\" action=\"\/index.php\/wp-json\/wp\/v2\/pages\/7\" data-token=\"ceb928f21312183309a3c55d0822e7a3\" data-token-time=\"1776400109\"><noscript class=\"wpforms-error-noscript\">Aby wype\u0142ni\u0107 ten formularz, w\u0142\u0105cz obs\u0142ug\u0119 JavaScript w przegl\u0105darce.<\/noscript><div id=\"wpforms-error-noscript\" style=\"display: none;\">Aby wype\u0142ni\u0107 ten formularz, w\u0142\u0105cz obs\u0142ug\u0119 JavaScript w przegl\u0105darce.<\/div><div class=\"wpforms-field-container\"><div id=\"wpforms-74-field_4-container\" class=\"wpforms-field wpforms-field-text wpforms-two-thirds wpforms-first\" data-field-id=\"4\"><label class=\"wpforms-field-label\" for=\"wpforms-74-field_4\">Nazwa firmy <span class=\"wpforms-required-label\" aria-hidden=\"true\">*<\/span><\/label><input type=\"text\" id=\"wpforms-74-field_4\" class=\"wpforms-field-large wpforms-field-required\" name=\"wpforms[fields][4]\" aria-errormessage=\"wpforms-74-field_4-error\" required><\/div><div id=\"wpforms-74-field_6-container\" class=\"wpforms-field wpforms-field-number wpforms-one-third\" data-field-id=\"6\"><label class=\"wpforms-field-label\" for=\"wpforms-74-field_6\">NIP <span class=\"wpforms-required-label\" aria-hidden=\"true\">*<\/span><\/label><input type=\"number\" id=\"wpforms-74-field_6\" class=\"wpforms-field-medium wpforms-field-required\" name=\"wpforms[fields][6]\" step=\"any\" aria-errormessage=\"wpforms-74-field_6-error\" required><\/div><div id=\"wpforms-74-field_5-container\" class=\"wpforms-field wpforms-field-text wpforms-one-half wpforms-first\" data-field-id=\"5\"><label class=\"wpforms-field-label\" for=\"wpforms-74-field_5\">Imi\u0119 <span class=\"wpforms-required-label\" aria-hidden=\"true\">*<\/span><\/label><input type=\"text\" id=\"wpforms-74-field_5\" class=\"wpforms-field-large wpforms-field-required\" name=\"wpforms[fields][5]\" aria-errormessage=\"wpforms-74-field_5-error\" required><\/div><div id=\"wpforms-74-field_7-container\" class=\"wpforms-field wpforms-field-text wpforms-one-half\" data-field-id=\"7\"><label class=\"wpforms-field-label\" for=\"wpforms-74-field_7\">Nazwisko <span class=\"wpforms-required-label\" aria-hidden=\"true\">*<\/span><\/label><input type=\"text\" id=\"wpforms-74-field_7\" class=\"wpforms-field-large wpforms-field-required\" name=\"wpforms[fields][7]\" aria-errormessage=\"wpforms-74-field_7-error\" required><\/div><div id=\"wpforms-74-field_2-container\" class=\"wpforms-field wpforms-field-email wpforms-two-thirds wpforms-first\" data-field-id=\"2\"><label class=\"wpforms-field-label\" for=\"wpforms-74-field_2\">Adres e-mail <span class=\"wpforms-required-label\" aria-hidden=\"true\">*<\/span><\/label><input type=\"email\" id=\"wpforms-74-field_2\" class=\"wpforms-field-large wpforms-field-required\" data-disable-suggestions=\"1\" name=\"wpforms[fields][2]\" spellcheck=\"false\" aria-errormessage=\"wpforms-74-field_2-error\" required><\/div><div id=\"wpforms-74-field_8-container\" class=\"wpforms-field wpforms-field-number wpforms-one-third\" data-field-id=\"8\"><label class=\"wpforms-field-label\" for=\"wpforms-74-field_8\">Nr telefonu <span class=\"wpforms-required-label\" aria-hidden=\"true\">*<\/span><\/label><input type=\"number\" id=\"wpforms-74-field_8\" class=\"wpforms-field-large wpforms-field-required\" name=\"wpforms[fields][8]\" step=\"any\" aria-errormessage=\"wpforms-74-field_8-error\" required><\/div>\t\t<div id=\"wpforms-74-field_1-container\"\n\t\t\tclass=\"wpforms-field wpforms-field-text\"\n\t\t\tdata-field-type=\"text\"\n\t\t\tdata-field-id=\"1\"\n\t\t\t>\n\t\t\t<label class=\"wpforms-field-label\" for=\"wpforms-74-field_1\" >oraz Adres Nr<\/label>\n\t\t\t<input type=\"text\" id=\"wpforms-74-field_1\" class=\"wpforms-field-medium\" name=\"wpforms[fields][1]\" >\n\t\t<\/div>\n\t\t<div id=\"wpforms-74-field_17-container\" class=\"wpforms-field wpforms-field-text wpforms-two-thirds wpforms-first\" data-field-id=\"17\"><label class=\"wpforms-field-label\" for=\"wpforms-74-field_17\">Adres siedziby: <span class=\"wpforms-required-label\" aria-hidden=\"true\">*<\/span><\/label><input type=\"text\" id=\"wpforms-74-field_17\" class=\"wpforms-field-large wpforms-field-required\" name=\"wpforms[fields][17]\" aria-errormessage=\"wpforms-74-field_17-error\" required><\/div><div id=\"wpforms-74-field_12-container\" class=\"wpforms-field wpforms-field-number wpforms-one-third\" data-field-id=\"12\"><label class=\"wpforms-field-label\" for=\"wpforms-74-field_12\">Kod <span class=\"wpforms-required-label\" aria-hidden=\"true\">*<\/span><\/label><input type=\"number\" id=\"wpforms-74-field_12\" class=\"wpforms-field-medium wpforms-field-required\" name=\"wpforms[fields][12]\" step=\"any\" aria-errormessage=\"wpforms-74-field_12-error\" required><\/div><div id=\"wpforms-74-field_13-container\" class=\"wpforms-field wpforms-field-radio\" data-field-id=\"13\"><fieldset><legend class=\"wpforms-field-label\">Wyra\u017cam zgod\u0119 na otrzymywanie informacji o tre\u015bci marketingowej w tym materia\u0142\u00f3w technicznych, ofert i promocji dotycz\u0105cych produkt\u00f3w Elco Heating Solution oraz Ariston Polska na podany adres poczty elektronicznej.  <span class=\"wpforms-required-label\" aria-hidden=\"true\">*<\/span><\/legend><ul id=\"wpforms-74-field_13\" class=\"wpforms-field-required\"><li class=\"choice-1 depth-1\"><input type=\"radio\" id=\"wpforms-74-field_13_1\" name=\"wpforms[fields][13]\" value=\"wyra\u017cam zgod\u0119\" aria-errormessage=\"wpforms-74-field_13_1-error\" required ><label class=\"wpforms-field-label-inline\" for=\"wpforms-74-field_13_1\">wyra\u017cam zgod\u0119<\/label><\/li><li class=\"choice-2 depth-1\"><input type=\"radio\" id=\"wpforms-74-field_13_2\" name=\"wpforms[fields][13]\" value=\"nie wyra\u017cam zgody\" aria-errormessage=\"wpforms-74-field_13_2-error\" required ><label class=\"wpforms-field-label-inline\" for=\"wpforms-74-field_13_2\">nie wyra\u017cam zgody<\/label><\/li><\/ul><\/fieldset><\/div><div id=\"wpforms-74-field_14-container\" class=\"wpforms-field wpforms-field-radio\" data-field-id=\"14\"><fieldset><legend class=\"wpforms-field-label\">Wyra\u017cam zgod\u0119 na otrzymywanie informacji o tre\u015bci marketingowej w tym materia\u0142\u00f3w technicznych, ofert i promocji dotycz\u0105cych produkt\u00f3w Elco Heating Solution oraz Ariston Polska na podany numer telefon <span class=\"wpforms-required-label\" aria-hidden=\"true\">*<\/span><\/legend><ul id=\"wpforms-74-field_14\" class=\"wpforms-field-required\"><li class=\"choice-1 depth-1\"><input type=\"radio\" id=\"wpforms-74-field_14_1\" name=\"wpforms[fields][14]\" value=\"wyra\u017cam zgod\u0119\" aria-errormessage=\"wpforms-74-field_14_1-error\" required ><label class=\"wpforms-field-label-inline\" for=\"wpforms-74-field_14_1\">wyra\u017cam zgod\u0119<\/label><\/li><li class=\"choice-2 depth-1\"><input type=\"radio\" id=\"wpforms-74-field_14_2\" name=\"wpforms[fields][14]\" value=\"nie wyra\u017cam zgody\" aria-errormessage=\"wpforms-74-field_14_2-error\" required ><label class=\"wpforms-field-label-inline\" for=\"wpforms-74-field_14_2\">nie wyra\u017cam zgody<\/label><\/li><\/ul><\/fieldset><\/div><div id=\"wpforms-74-field_15-container\" class=\"wpforms-field wpforms-field-radio\" data-field-id=\"15\"><fieldset><legend class=\"wpforms-field-label\">Wyra\u017cam zgod\u0119 na otrzymywanie informacji o tre\u015bci marketingowej w tym materia\u0142\u00f3w technicznych, ofert i promocji dotycz\u0105cych produkt\u00f3w Elco Heating Solution oraz Ariston Polska na podany adres siedziby.  <span class=\"wpforms-required-label\" aria-hidden=\"true\">*<\/span><\/legend><ul id=\"wpforms-74-field_15\" class=\"wpforms-field-required\"><li class=\"choice-1 depth-1\"><input type=\"radio\" id=\"wpforms-74-field_15_1\" name=\"wpforms[fields][15]\" value=\"wyra\u017cam zgod\u0119\" aria-errormessage=\"wpforms-74-field_15_1-error\" required ><label class=\"wpforms-field-label-inline\" for=\"wpforms-74-field_15_1\">wyra\u017cam zgod\u0119<\/label><\/li><li class=\"choice-2 depth-1\"><input type=\"radio\" id=\"wpforms-74-field_15_2\" name=\"wpforms[fields][15]\" value=\"nie wyra\u017cam zgody\" aria-errormessage=\"wpforms-74-field_15_2-error\" required ><label class=\"wpforms-field-label-inline\" for=\"wpforms-74-field_15_2\">nie wyra\u017cam zgody<\/label><\/li><\/ul><\/fieldset><\/div><script>\n\t\t\t\t( function() {\n\t\t\t\t\tconst style = document.createElement( 'style' );\n\t\t\t\t\tstyle.appendChild( document.createTextNode( '#wpforms-74-field_1-container { position: absolute !important; overflow: hidden !important; display: inline !important; height: 1px !important; width: 1px !important; z-index: -1000 !important; padding: 0 !important; } #wpforms-74-field_1-container input { visibility: hidden; } #wpforms-conversational-form-page #wpforms-74-field_1-container label { counter-increment: none; }' ) );\n\t\t\t\t\tdocument.head.appendChild( style );\n\t\t\t\t\tdocument.currentScript?.remove();\n\t\t\t\t} )();\n\t\t\t<\/script><\/div><!-- .wpforms-field-container --><div class=\"wpforms-submit-container\" ><input type=\"hidden\" name=\"wpforms[id]\" value=\"74\"><input type=\"hidden\" name=\"page_title\" value=\"\"><input type=\"hidden\" name=\"page_url\" value=\"https:\/\/newsletter.elco.com.pl\/index.php\/wp-json\/wp\/v2\/pages\/7\"><input type=\"hidden\" name=\"url_referer\" value=\"\"><button type=\"submit\" name=\"wpforms[submit]\" id=\"wpforms-submit-74\" class=\"wpforms-submit\" data-alt-text=\"Wysy\u0142anie...\" data-submit-text=\"Prze\u015blij\" aria-live=\"assertive\" value=\"wpforms-submit\">Prze\u015blij<\/button><img loading=\"lazy\" decoding=\"async\" src=\"https:\/\/newsletter.elco.com.pl\/wp-content\/plugins\/wpforms-lite\/assets\/images\/submit-spin.svg\" class=\"wpforms-submit-spinner\" style=\"display: none;\" width=\"26\" height=\"26\" alt=\"Wczytywanie\"><\/div><\/form><\/div>  <!-- .wpforms-container --><\/strong><\/p>\n<p><strong>Obowi\u0105zek informacyjny:<\/strong><\/p>\n<ol>\n<li>Przys\u0142uguje Panu\/Pani prawo wgl\u0105du do tre\u015bci swoich danych osobowych, sprostowania, usuni\u0119cia, ograniczenia przetwarzania, wniesienia sprzeciwu oraz do cofni\u0119cia zgody w dowolnym momencie,Pana\/Pani dane b\u0119d\u0105 przechowywane do momentu cofni\u0119cia zgody,<\/li>\n<li>Przys\u0142uguje Panu\/Pani prawo do wniesienia skargi do organu nadzorczego \u2013 Prezesa Urz\u0119du Ochrony Danych Osobowych<\/li>\n<li>Dane osobowe mog\u0105 by\u0107 przekazywane stronom dzia\u0142aj\u0105cym jako niezale\u017cni administratorzy danych (takim jak organy nadzorcze) lub przetwarzane w imieniu Sp\u00f3\u0142ki przez strony wyznaczone jako podmioty przetwarzaj\u0105ce dane, zw\u0142aszcza:<br \/>a. Firmy, kt\u00f3re \u015bwiadcz\u0105 us\u0142ugi zarz\u0105dzania i\/lub utrzymania strony internetowej Sp\u00f3\u0142ki;<br \/>b. Firmy zarz\u0105dzaj\u0105ce obs\u0142ug\u0105 klienta, oferuj\u0105ce us\u0142ugi obs\u0142ugi klienta za po\u015brednictwem r\u00f3\u017cnych kana\u0142\u00f3w (czat online, centra obs\u0142ugi telefonicznej itp.).<\/li>\n<li>W sprawie danych osobowych kontaktowa\u0107 si\u0119 mo\u017cna<br \/>a. za pomoc\u0105 poczty elektronicznej: <a href=\"mailto:RODO@aristonthermo.com\">RODO@aristonthermo.com<\/a><br \/>b. telefonicznie: +48 12 420 52 77.<\/li>\n<li>Administratorem danych jest sp\u00f3\u0142ka:<\/li>\n<\/ol>\n<p>AristonThermo Polska Sp. z o.o.<br \/>Adres siedziby: ul. Pocieszka 3, 31-408, Krak\u00f3w<br \/>KRS: 0000007774, NIP: 676-13-45-098, REGON: 351123877<\/p>\n<p>Po zapoznaniu si\u0119 z powy\u017cszymi informacjami dotycz\u0105cymi prywatno\u015bci oraz ze \u015bwiadomo\u015bci\u0105, \u017ce moja zgoda jest opcjonalna i mo\u017cna j\u0105 w ka\u017cdej chwili wycofa\u0107, niniejszym wyra\u017cam zgod\u0119 na przechowywanie i przetwarzanie moich danych przez Ariston Thermo Polska Sp. z o.o.<\/p>\n<p>[\/newsletter_signup] [newsletter_confirm]Dzi\u0119kujemy za zainteresowanie! <a href=\"http:\/\/elco.com.pl\/\">Powr\u00f3t do strony g\u0142\u00f3wnej.<\/a>[\/newsletter_confirm]<\/p>\n<p>[newsletter_unsubscribe]Czy naprawd\u0119 chcesz zrezygnowa\u0107 z subskrypcji?[\/newsletter_unsubscribe]<\/p>\n<\/div><div class=\"fusion-button-wrapper\"><a class=\"fusion-button button-3d button-large button-darkgray button-1 fusion-button-default-span \" target=\"_self\" href=\"https:\/\/newsletter.elco.com.pl\/index.php\/polityka-prywatnosci\/\"><span class=\"fusion-button-text\">Polityka prywatno\u015bci<\/span><\/a><\/div><div class=\"fusion-clearfix\"><\/div><\/div><\/div><\/div><\/div>","protected":false},"excerpt":{"rendered":"","protected":false},"author":1,"featured_media":0,"parent":0,"menu_order":0,"comment_status":"closed","ping_status":"closed","template":"","meta":{"footnotes":""},"class_list":["post-7","page","type-page","status-publish","hentry"],"_links":{"self":[{"href":"https:\/\/newsletter.elco.com.pl\/index.php\/wp-json\/wp\/v2\/pages\/7","targetHints":{"allow":["GET"]}}],"collection":[{"href":"https:\/\/newsletter.elco.com.pl\/index.php\/wp-json\/wp\/v2\/pages"}],"about":[{"href":"https:\/\/newsletter.elco.com.pl\/index.php\/wp-json\/wp\/v2\/types\/page"}],"author":[{"embeddable":true,"href":"https:\/\/newsletter.elco.com.pl\/index.php\/wp-json\/wp\/v2\/users\/1"}],"replies":[{"embeddable":true,"href":"https:\/\/newsletter.elco.com.pl\/index.php\/wp-json\/wp\/v2\/comments?post=7"}],"version-history":[{"count":10,"href":"https:\/\/newsletter.elco.com.pl\/index.php\/wp-json\/wp\/v2\/pages\/7\/revisions"}],"predecessor-version":[{"id":79,"href":"https:\/\/newsletter.elco.com.pl\/index.php\/wp-json\/wp\/v2\/pages\/7\/revisions\/79"}],"wp:attachment":[{"href":"https:\/\/newsletter.elco.com.pl\/index.php\/wp-json\/wp\/v2\/media?parent=7"}],"curies":[{"name":"wp","href":"https:\/\/api.w.org\/{rel}","templated":true}]}}